u(r) be the first derivative of b(r). What is u(-3)?
-5
Suppose -4*m + 20 = 4*q, -5*q + 1 = -2*m - m. Let y = -71 - -74. Let i(n) = -8 - y*n - q*n + n + 3*n. Give i(-6).
-2
Let u(j) = -j + 5. Suppose 3*b + 4*l + 11 = 9*l, 5 = 3*b - l. Suppose -c = b*d - 7 - 9, -5*c + 16 = -d. Calculate u(c).
1
Let n(x) = 30*x**3. Let o = -919 - -920. Determine n(o).
30
Let f(d) be the first derivative of -d**7/70 - d**6/360 - d**3 + 11. Let l(m) be the third derivative of f(m). Give l(-1).
11
Suppose 0 = -4*t + 4*w + 108, -5*t + 0*w = -2*w - 132. Let h = t - 26. Suppose -5 = b - h. Let i(j) = -j**2 - 6*j - 7. Calculate i(b).
-2
Let z(j) = -35*j**2 - 71*j - 3*j**3 + 68*j - 25*j**2 - 31*j**2 + 3 + 94*j**2. Let o be (0/1)/1 - -2. Determine z(o).
-15
Let t(f) = f**2 - 7*f - 11. Let v be t(7). Let z(o) = o + 4. Determine z(v).
-7
Let u = -1 - 1. Suppose 4 = 3*i - 2. Let c(w) = 3 + 3*w**3 + 0*w**3 - 6*w**3 + 4*w**3 + w**2 + i*w. Give c(u).
-5
Let q be 3 + 11 + (-49)/(-28)*-4. Let x(s) = -2*s + 12. Calculate x(q).
-2
Let v(n) = n**3 + 6*n**2 + 3*n + 2. Let i = -471 - -465. What is v(i)?
-16
Suppose -5*a - 3*k = -72, -3*k - 12 + 72 = 4*a. Let i(h) = 11*h - 22*h - 11 + a*h. Calculate i(7).
-4
Let p(j) = -9*j**3 + 9*j - 6. Let k(u) = -16*u**3 - 2*u**2 + 18*u - 12. Let m(t) = -4*k(t) + 7*p(t). Determine m(-9).
6
Let o(p) = 23*p - 4. Let i(v) = -3*v. Let u(t) = 6*i(t) + o(t). What is u(3)?
11
Let t(p) = -p + 5. Let o be (29/4 - 9)*(-4 + 0). What is t(o)?
-2
Let v be ((-3)/9)/(3/(-18)). Suppose 4*b + 6 = 3*s, -5*b - 1 = -s + 1. Let z(l) = 2 - 8*l**2 - 6*l**2 - s*l + 10*l**v + 4*l. Determine z(2).
-10
Let h(o) = 2*o + 4 + 1 + 2*o - o**2. Suppose -5*j + 14 = -26. Suppose j = 2*q + 4*m, 2*m + 12 = 3*q + 3*m. Give h(q).
5
Let x be (33/22)/(6/8). Let a = x - -1. Let f(d) = -3*d**3 - 7*d**2 - 15*d - 1. Let c(o) = 2*o**3 + 4*o**2 + 8*o + 1. Let k(w) = 5*c(w) + 3*f(w). Give k(a).
5
Let y(f) = f**3 - 2*f. Let o = 156 + -154. What is y(o)?
4
Let m(b) = b - 1. Let l = -75 - -54. Let p be (-4)/7 - 3/l*-38. Calculate m(p).
-7
Let o(j) be the second derivative of 1/6*j**3 - 1/4*j**4 + 0 + 0*j**2 + 3*j. Calculate o(2).
-10
Suppose -4*s = i + 7, 4*i + 10*s = 13*s + 48. Let l(b) = -b**3 + 10*b**2 - 10*b + 5. Determine l(i).
-4
Let u = -14 + 7. Let c(z) be the third derivative of z**6/120 + z**5/10 - 7*z**4/24 + 5*z**3/6 - 2*z**2 - 2499. Determine c(u).
5
Let a(u) = u + 2. Let m(i) = 2*i + 1. Let l(b) = -4*a(b) + 3*m(b). Let t be -3 + 4 - 3 - -8. Let q be (4/t)/(146/(-30) - -5). What is l(q)?
5
Suppose 2*b = -6, 4*z - 4*b - 24 = 8. Suppose -4*r + 9 = -z*o - 3*r, 4*o + 7 = r. Let k(d) be the second derivative of d**3/3 + d**2 - d. Give k(o).
-2
Let d(y) = 2*y + 3. Let c(z) = -z**3 - 13*z**2 - 13*z + 14. Let p be c(-12). Suppose -3*q - p - 28 = 0. Let f be q/(-4)*(-4)/3. What is d(f)?
-9
Let h(p) = -p**2 + 7*p - 12. Suppose 2 = 2*i - 4, v = -4*i + 17. What is h(v)?
-2
Let b(r) = r**3 - 9*r**2 - 4. Suppose -16*c - 22*c = -342. Calculate b(c).
-4
Let j(p) = 2*p**3 - 5*p**2 + p - 3. Suppose 0 = 3*u - 1 - 2. Let l = u + -5. Let d(h) = 3*h**3 - 6*h**2 + h - 3. Let v(c) = l*j(c) + 3*d(c). Calculate v(-3).
-3
Let w(f) = 1 + 0*f**2 - 6*f**2 + 4*f**2 + 6*f + f**2. Let b(g) = -g**2 - 4*g + 2. Let l be b(-3). What is w(l)?
6
Let g(m) = -m**2 + 8*m + 6. Let o be g(0). Let z(b) = b**2 + 0*b**2 + 3 - 3*b + 2*b - 5*b. What is z(o)?
3
Let p = 250 - 254. Let l(k) = -7*k**3 - 3*k**2 + 3*k + 3. Let a(g) = -10*g**3 - 5*g**2 + 5*g + 5. Let z(y) = 5*a(y) - 7*l(y). What is z(p)?
-12
Let c(h) be the second derivative of -h**7/840 + 7*h**6/360 - h**5/60 + h**4/8 - h**3/3 + 23*h. Let p(g) be the second derivative of c(g). What is p(7)?
-11
Let b(c) be the third derivative of c**4/12 + 5*c**3/2 + 257*c**2. Determine b(-9).
-3
Let h(k) = 4*k + 10. Let i(y) = 3*y + 10. Let u be 10/15*3 + 3. Let g(x) = u*i(x) - 4*h(x). Give g(0).
10
Let t(l) be the third derivative of l**5/60 - 7*l**4/24 + l**3/6 - 43*l**2 - 2*l. Calculate t(7).
1
Let h be (70/112)/(3/24). Let x(s) be the third derivative of -s**4/12 - s**3/6 - s**2. Give x(h).
-11
Let w(i) = 3*i**3 - i + 1. Let x(s) = -2*s + 49. Let h be x(24). Determine w(h).
3
Let l(m) = -m**3 - 6*m**2 - 4*m - 6. Let c = -24 + -7. Let y = -36 - c. What is l(y)?
-11
Suppose -17*i + 10*i = 70. Let t(k) = 4*k - 10. Calculate t(i).
-50
Let m(h) be the first derivative of 3*h**2/2 + 4*h + 64. Calculate m(5).
19
Let i = -232 - -237. Let d(q) = q**2 - 7*q + 9. Give d(i).
-1
Let o(y) = -y**3 + 10*y**2 + 11*y + 1. Let v = 107 - 96. What is o(v)?
1
Let c = -18 + 0. Let r be 12/c*9/(-2). Let u(q) = q**2 + q**2 - 2*q**r + 6 + q**3 + 2*q**2 + 2*q. What is u(5)?
-9
Let s(y) = -3*y - 2*y**2 + 1 + y**2 - y**2 - y. Let h be s(-3). Let i(r) = -r**2 - 3*r + 2. Determine i(h).
-8
Let f(c) = c**2 - 3*c + 3. Suppose 0 = -5*r + 6*t - 7*t + 10, -3*r + 5*t + 34 = 0. Calculate f(r).
3
Let t(k) = -k**2 + 7*k - 6. Suppose -i = 2*v - 5*v - 36, 2*i - 62 = 4*v. Let j = -17 + i. Calculate t(j).
6
Let h(w) be the third derivative of w**6/120 + w**5/30 - w**4/4 + 5*w**3/6 + 14*w**2 - 2. Give h(-4).
-3
Let v(k) be the second derivative of -k**4/6 + 23*k**3/6 - 10*k**2 + 499*k. Give v(11).
-9
Let h(w) be the third derivative of w**4/24 + w**3/3 - 2*w**2. Suppose 8*j + 0*j = -16. Give h(j).
0
Suppose -c - 3*m = -3*c - 11, -c + 4*m - 13 = 0. Let f(h) = 7*h**2 - 8*h + 2. Let b(x) = x**2 + 2*x - 1. Let w(z) = 3*b(z) + f(z). Calculate w(c).
11
Let f = 593 + -600. Let g(b) = -15*b**3 - 27*b**2 - 11*b + 10. Let q(o) = 7*o**3 + 13*o**2 + 5*o - 5. Let y(r) = 6*g(r) + 13*q(r). Give y(f).
2
Let a(w) be the first derivative of w - w**2 - w**3 + 33 - 1/4*w**4. Give a(-3).
7
Let d(y) = 28*y**3 - 4*y**2 + 6*y. Let c(p) = -p**3 + p**2 - 2*p. Let v(m) = -3*c(m) - d(m). Calculate v(1).
-24
Let w(s) = -16*s - 136. Let b(d) = 3*d + 26. Let f(r) = 11*b(r) + 2*w(r). What is f(10)?
24
Suppose 4*x - 7 = w + 2*x, 4*x - 23 = -w. Suppose 0*j - 5*m = 2*j - 1, -w*m = -3*j + 12. Let y(c) = -2 - j - 2*c + 4. Give y(6).
-13
Let h(s) = 5*s + 10. Let v(o) = -o. Let d(f) = h(f) + 6*v(f). Let m(i) = i**2 + 12*i + 5. Let t be m(-12). Calculate d(t).
5
Let c(k) = -3. Let u(g) = g - 3. Suppose 3*o = 6*o + l - 71, o - 3*l - 37 = 0. Let f = -31 + o. Let s(r) = f*c(r) + 7*u(r). Determine s(2).
11
Suppose 0 = 3*t - 2*m + 10, 5*t = 2*m + 33 - 55. Let f(s) = -s**2 - s + 2. What is f(t)?
-28
Let i(o) = o + 6. Let k = -15 + 15. Let m = k + -2. Let j be 15/m + 15/10. Determine i(j).
0
Let q(f) = -12*f + 16 - f**2 - 10 + 3*f**2 + 5. Let j be q(5). Let z(l) = -14*l - 1. Determine z(j).
-15
Let w be (-1*2)/(4/(-8)). Let t(h) = 26*h - 9. Let k(f) = 9*f - 4. Let b(o) = -8*k(o) + 3*t(o). Determine b(w).
29
Let b be (-2)/(-8) - 54/(-8). Let o(u) be the second derivative of -7*u + 0 + u**2 + u**3 - 1/12*u**4. Give o(b).
-5
Let b(o) = -o - 3. Let a(c) = 2*c + 8. Let k(z) = 2*a(z) + 2*b(z). Give k(-12).
-14
Let v = -796 - -800. Let f(s) = s**3 - 3*s**2 - 4*s - 1. Determine f(v).
-1
Let n(t) = -7*t - 2. Let u be n(-2). Let b(p) = -u + 2*p - 5*p - 2*p + 4*p. Give b(-7).
-5
Let y(o) = 2*o - 5. Let p(h) = 2*h - 5. Let g(t) = 3*p(t) - 4*y(t). Give g(-5).
15
Let d(h) = -49*h + 1 + 97*h - 52*h. Suppose -4 = -4*a, 3 = 2*x + 4*a - 3*a. Give d(x).
-3
Let n(i) = 3*i - 21. Let p = -22 - -22. Suppose p = -2*d - 6, f + d + 3 - 8 = 0. Let l be n(f). Let h(g) = g**3 - 2*g**2 - g + 1. What is h(l)?
7
Let j(v) = -2*v + 2. Let h = 80 + -78. Suppose 4*i - 3*x + 27 = 0, -h*x - 16 = -0*i + 3*i. What is j(i)?
14
Let r(j) = 1 - 4*j - 53 - 6*j**2 + 55. Give r(2).
-29
Let t(w) be the third derivative of -w**6/120 + w**5/20 + w**4/12 + w**3/2 - 43*w**2. Calculate t(-2).
19
Let z(s) be the second derivative of -s**4/12 + 5*s**3/6 - 3*s**2 - s. Let r be (-8 + 11)/((-6)/(-10)). Determine z(r).
-6
Let u(p) = p**2 - 6*p - 2. Let i(m) = -m**2 + m + 1. Let j = -4 - -2. Suppose 3*s + 0 = 5*d + 17, s - d = 3. Let c(k) = j*i(k) + s*u(k). What is c(-3)?
-3
Let v be 12/(-7) - (-6)/(-21). Let a(z) = -76*z + 2 + 73*z - 2. Calculate a(v).
6
Let w(u) be the first derivative of -13*u**6/60 + u**5/30 - u**4/12 + u**3/6 + 5*u**2 + 15. Let j(d) be the second derivative of w(d). Determine j(1).
-25
Let p(c) = c**2 - 2*c. Let t = 61 + -33. Let a = -24 + t. Suppose -5*l - 2*k - a = k, -3*l - 8 = -k. Give p(l).
8
Let i(h) 